{"id":143,"date":"2023-05-22T22:49:12","date_gmt":"2023-05-22T20:49:12","guid":{"rendered":"https:\/\/palyara.hu\/karrierkapu\/?page_id=143"},"modified":"2023-10-23T11:47:05","modified_gmt":"2023-10-23T09:47:05","slug":"fejer-megyei-kereskedelmi-es-iparkamara","status":"publish","type":"page","link":"https:\/\/palyara.hu\/karrierkapu\/fejer-megyei-kereskedelmi-es-iparkamara\/","title":{"rendered":"Fej\u00e9r V\u00e1rmegyei Kereskedelmi \u00e9s Iparkamara"},"content":{"rendered":"<p><span style=\"font-family: helvetica, arial, sans-serif;\">V\u00e1llaljuk a tan\u00e9v sor\u00e1n 7-8. oszt\u00e1lyos tanul\u00f3k r\u00e9sz\u00e9re p\u00e1lyaorient\u00e1ci\u00f3s oszt\u00e1lyf\u0151n\u00f6ki \u00f3r\u00e1k, valamint sz\u00fcl\u0151i \u00e9rtekezletek megtart\u00e1s\u00e1t. Az alkalmak sor\u00e1n inform\u00e1ci\u00f3t ny\u00fajtunk a szakk\u00e9pz\u00e9s rendszer\u00e9r\u0151l, iskolat\u00edpusokr\u00f3l, \u00e1gazatokr\u00f3l, du\u00e1lis k\u00e9pz\u00e9sr\u0151l, szakm\u00e1kr\u00f3l, \u00f6szt\u00f6nd\u00edjakr\u00f3l, lehet\u0151s\u00e9gekr\u0151l.\u00a0<\/span><\/p>\n<table style=\"border-collapse: collapse; width: 99.7114%; height: 315px;\">\n<tbody>\n<tr>\n<td style=\"width: 100%; background-color: #c5d9d2; text-align: center;\"><span style=\"font-family: georgia, palatino, serif; font-size: 18pt;\">\u00a0Kapcsolat:<\/span><\/p>\n<table style=\"border-collapse: collapse; width: 100%; height: 240px;\">\n<tbody>\n<tr style=\"height: 240px;\">\n<td style=\"width: 33.3333%; background-color: #cee0dc; height: 240px;\"><strong><span style=\"font-family: georgia, palatino, serif;\">Szemerei N\u00f3ra Szandra<\/span><\/strong><\/p>\n<p>Fej\u00e9r V\u00e1rmegyei Kereskedelmi \u00e9s Iparkamara<\/p>\n<p><a href=\"mailto:palyaorientacio@fmkik.hu\">palyaorientacio@fmkik.hu<\/a><\/p>\n<p>+36 22\u00a0510\u00a0326;<\/p>\n<p>+36-20\/310-2941<\/td>\n<td style=\"width: 33.3333%; background-color: #cee0dc; height: 240px;\"><strong>Horv\u00e1thn\u00e9 Simotics Anik\u00f3<\/strong><\/p>\n<p>Fej\u00e9r V\u00e1rmegyei Kereskedelmi \u00c9s Iparkamara<\/p>\n<p><a href=\"mailto:palyaorientacio@fmkik.hu\">palyaorientacio@fmkik.hu<\/a><\/p>\n<p>+36 22 510346,<\/p>\n<p>+36-20\/310-2941<\/td>\n<td style=\"width: 33.3333%; background-color: #cee0dc; height: 240px;\"><strong>Simon Erika<\/strong><\/p>\n<p>Fej\u00e9r V\u00e1rmegyei Kereskedelmi \u00e9s Iparkamara<\/p>\n<p><a href=\"mailto:palyaorientacio@fmkik.hu\">palyaorientacio@fmkik.hu<\/a><\/p>\n<p>+36 22 510-320;<\/p>\n<p>+36-20\/310-2941<\/td>\n<\/tr>\n<\/tbody>\n<\/table>\n<\/td>\n<\/tr>\n<\/tbody>\n<\/table>\n<p>&nbsp;<\/p>\n<p><span style=\"color: #0000ff;\"><em>Szeretn\u00e9l \u00fczenetet k\u00fcldeni SZEMEREI N\u00d3R\u00c1NAK k\u00f6zvetlen\u00fcl?<\/em><\/span><\/p>\n<p>A lenti \u0171rlapon megteheted!<\/p>\n<table class=\"wp-list-table widefat fixed striped table-view-list forms\">\n<tbody id=\"the-list\" data-wp-lists=\"list:form\">\n<tr>\n<td class=\"shortcode column-shortcode\" data-colname=\"Shortcode\"><div class=\"wpforms-container wpforms-container-full\" id=\"wpforms-113\"><form id=\"wpforms-form-113\" class=\"wpforms-validate wpforms-form wpforms-ajax-form\" data-formid=\"113\" method=\"post\" enctype=\"multipart\/form-data\" action=\"\/karrierkapu\/wp-json\/wp\/v2\/pages\/143\" data-token=\"7b3a140d4a371c5116dc9669b387e433\"><noscript class=\"wpforms-error-noscript\">Please enable JavaScript in your browser to complete this form.<\/noscript><div class=\"wpforms-field-container\"><div id=\"wpforms-113-field_0-container\" class=\"wpforms-field wpforms-field-name\" data-field-id=\"0\"><label class=\"wpforms-field-label\" for=\"wpforms-113-field_0\">N\u00e9v <span class=\"wpforms-required-label\">*<\/span><\/label><input type=\"text\" id=\"wpforms-113-field_0\" class=\"wpforms-field-medium wpforms-field-required\" name=\"wpforms[fields][0]\" required><\/div><div id=\"wpforms-113-field_1-container\" class=\"wpforms-field wpforms-field-email\" data-field-id=\"1\"><label class=\"wpforms-field-label\" for=\"wpforms-113-field_1\">Email <span class=\"wpforms-required-label\">*<\/span><\/label><input type=\"email\" id=\"wpforms-113-field_1\" class=\"wpforms-field-medium wpforms-field-required\" name=\"wpforms[fields][1]\" spellcheck=\"false\" required><\/div><div id=\"wpforms-113-field_2-container\" class=\"wpforms-field wpforms-field-textarea\" data-field-id=\"2\"><label class=\"wpforms-field-label\" for=\"wpforms-113-field_2\">Email sz\u00f6vege<\/label><textarea id=\"wpforms-113-field_2\" class=\"wpforms-field-medium\" name=\"wpforms[fields][2]\" ><\/textarea><\/div><\/div><!-- .wpforms-field-container --><div class=\"wpforms-submit-container\" ><input type=\"hidden\" name=\"wpforms[id]\" value=\"113\"><input type=\"hidden\" name=\"wpforms[author]\" value=\"1\"><button type=\"submit\" name=\"wpforms[submit]\" id=\"wpforms-submit-113\" class=\"wpforms-submit\" data-alt-text=\"K\u00fcld\u00e9s folyamat...\" data-submit-text=\"Elk\u00fcld\u00e9s\" aria-live=\"assertive\" value=\"wpforms-submit\">Elk\u00fcld\u00e9s<\/button><img loading=\"lazy\" decoding=\"async\" src=\"https:\/\/palyara.hu\/karrierkapu\/wp-content\/plugins\/wpforms-lite\/assets\/images\/submit-spin.svg\" class=\"wpforms-submit-spinner\" style=\"display: none;\" width=\"26\" height=\"26\" alt=\"Loading\"><\/div><\/form><\/div>  <!-- .wpforms-container --><\/td>\n<\/tr>\n<\/tbody>\n<\/table>\n","protected":false},"excerpt":{"rendered":"<p>V\u00e1llaljuk a tan\u00e9v sor\u00e1n 7-8. oszt\u00e1lyos tanul\u00f3k r\u00e9sz\u00e9re p\u00e1lyaorient\u00e1ci\u00f3s oszt\u00e1lyf\u0151n\u00f6ki \u00f3r\u00e1k, valamint sz\u00fcl\u0151i \u00e9rtekezletek megtart\u00e1s\u00e1t. Az alkalmak sor\u00e1n inform\u00e1ci\u00f3t ny\u00fajtunk a szakk\u00e9pz\u00e9s rendszer\u00e9r\u0151l, iskolat\u00edpusokr\u00f3l, \u00e1gazatokr\u00f3l, du\u00e1lis k\u00e9pz\u00e9sr\u0151l, szakm\u00e1kr\u00f3l, \u00f6szt\u00f6nd\u00edjakr\u00f3l, lehet\u0151s\u00e9gekr\u0151l.\u00a0 \u00a0Kapcsolat: Szemerei N\u00f3ra Szandra Fej\u00e9r V\u00e1rmegyei Kereskedelmi \u00e9s Iparkamara palyaorientacio@fmkik.hu +36 22\u00a0510\u00a0326; +36-20\/310-2941 Horv\u00e1thn\u00e9 Simotics Anik\u00f3 Fej\u00e9r V\u00e1rmegyei Kereskedelmi \u00c9s Iparkamara palyaorientacio@fmkik.hu +36 22 510346, [&hellip;]<\/p>\n","protected":false},"author":1,"featured_media":0,"parent":0,"menu_order":0,"comment_status":"closed","ping_status":"closed","template":"","meta":{"footnotes":""},"class_list":["post-143","page","type-page","status-publish","hentry"],"_links":{"self":[{"href":"https:\/\/palyara.hu\/karrierkapu\/wp-json\/wp\/v2\/pages\/143","targetHints":{"allow":["GET"]}}],"collection":[{"href":"https:\/\/palyara.hu\/karrierkapu\/wp-json\/wp\/v2\/pages"}],"about":[{"href":"https:\/\/palyara.hu\/karrierkapu\/wp-json\/wp\/v2\/types\/page"}],"author":[{"embeddable":true,"href":"https:\/\/palyara.hu\/karrierkapu\/wp-json\/wp\/v2\/users\/1"}],"replies":[{"embeddable":true,"href":"https:\/\/palyara.hu\/karrierkapu\/wp-json\/wp\/v2\/comments?post=143"}],"version-history":[{"count":9,"href":"https:\/\/palyara.hu\/karrierkapu\/wp-json\/wp\/v2\/pages\/143\/revisions"}],"predecessor-version":[{"id":781,"href":"https:\/\/palyara.hu\/karrierkapu\/wp-json\/wp\/v2\/pages\/143\/revisions\/781"}],"wp:attachment":[{"href":"https:\/\/palyara.hu\/karrierkapu\/wp-json\/wp\/v2\/media?parent=143"}],"curies":[{"name":"wp","href":"https:\/\/api.w.org\/{rel}","templated":true}]}}